135/(-6)). What is the highest common divisor of a and y?
3
Suppose -l - 2*r = -5, 0 = -4*l - 3*r + 5 + 15. Let u be (1 + (-20)/16)/(l/(-820)). What is the highest common divisor of u and 164?
41
Suppose 17 = v + s, 3*v - 2*s - 21 = -0*s. Let f be 1590/9 + 2/(-3). Calculate the highest common factor of v and f.
11
Let s = 1973 + -1938. What is the highest common factor of 77 and s?
7
Suppose 10 = 16*k - 11*k. Suppose -42 = -2*y - k*d, -d = 5*y - 2*d - 81. Suppose -12*o = -1380 - 456. What is the greatest common divisor of y and o?
17
Suppose 5*y - 207 = -m, 3*y + y = -m + 167. Calculate the greatest common factor of 5660 and y.
20
Suppose -2*f - 7 = -9, -2*v = 5*f - 197. Calculate the highest common divisor of 4368 and v.
48
Suppose -48 = -2*z - 4*p, -2*z - 70 = -5*z - 4*p. Suppose 2*x = 5*x + 2*k - 728, -4*x = -3*k - 965. Calculate the greatest common factor of x and z.
22
Let b = 884 - 324. Let l = 1730 + -1695. Calculate the greatest common factor of b and l.
35
Let q(z) be the first derivative of z**3/3 - 7*z**2 - 5*z + 5. Let j be q(9). Let t = 104 + j. Calculate the greatest common factor of 18 and t.
18
Let n(d) = -d**3 + 2*d**2 - 3*d - 2. Let v = -47 + 49. Let h be n(v). Let k = 37 + h. Calculate the greatest common divisor of 87 and k.
29
Let h be (9 - -296) + -2 - (2 + -3). Suppose 4*g = -87 + 215. Calculate the highest common divisor of g and h.
16
Let r(d) = -2*d**2 - 15*d - 22. Let x be r(-4). What is the greatest common divisor of 447 and x?
3
Let u = 292 - 180. Suppose -4*g + 2*i - 14 = 0, -2*g + 4*i - i - 5 = 0. Let m be 1/(g/(-32))*2. Calculate the greatest common divisor of u and m.
16
Suppose 4*q = -q + 250. Suppose 38*v = 33*v + 49660. Suppose 2232 - v = -14*n. Calculate the highest common divisor of n and q.
50
Suppose 4*k = 9*k + 30. Let b be k + (-25)/(-5) - -25. Calculate the highest common divisor of b and 600.
24
Let k be 36/24*((-776)/(-12) - 8). What is the greatest common divisor of 4590 and k?
85
Let i = -21 - 133. Let l = -96 - i. Calculate the greatest common divisor of 6 and l.
2
Suppose -h + 2*v - 212 = 3*h, 3*v - 263 = 5*h. Let x = 61 + h. Let d be 126/(-7)*(-1)/1. Calculate the highest common divisor of d and x.
6
Let y = 2450 - 971. What is the highest common factor of 51 and y?
51
Let g = 1804 + 2604. What is the highest common factor of g and 696?
232
Let s(b) = b - 7. Let m be s(5). Let o = -23 - m. Let k = o - -26. Calculate the greatest common factor of k and 45.
5
Let d be (-3144)/16*14/(-3). Calculate the highest common factor of d and 393.
131
Suppose -135*j + 20 = -130*j. Suppose 2*m = -j*w + 86, -3*m = -w - 152 + 16. What is the greatest common factor of m and 195?
15
Let p = -13192 + 13667. Calculate the highest common factor of p and 225.
25
Let f be (-10)/((12 + 4)/(-64)). Calculate the greatest common factor of 4040 and f.
40
Let r be -3 - 1/((-3)/24). Let y(j) = -3*j**2 - 166*j + 192. Let l be y(-56). What is the highest common divisor of l and r?
5
Let n(x) = 2*x + 6 - x**2 - 5*x**3 - 5 + 6*x**3 + 1. Let o be n(2). What is the highest common factor of o and 30?
10
Suppose 0 = 3*o - 1532 - 133. Let l = 603 - o. What is the highest common divisor of l and 48?
48
Let x be 112/(-48) + (-439032)/(-36). What is the highest common divisor of 137 and x?
137
Suppose -5*r = c - 10, 3*c + c = -3*r - 11. Suppose -4*k - k = -5*i - 10, r*k - i - 6 = 0. Suppose -4 = 5*y - 54. What is the greatest common factor of y and k?
2
Suppose 38 = 4*n - 0*w + 3*w, 3*n - w = 22. Let p(j) = j + 20. Let o be p(n). Calculate the greatest common factor of 20 and o.
4
Let a(z) = -10*z**2 - 1161*z - 338. Let j be a(-115). Calculate the greatest common divisor of j and 315.
9
Let l be (-162)/(-2) + -2 - (4 - 1). Let g = l - 46. Suppose -2*f + 134 - 14 = 0. Calculate the greatest common factor of g and f.
30
Let c = 247 - 172. Let g = 179889 + -179864. What is the highest common divisor of c and g?
25
Let t(l) be the third derivative of 0*l + 1/24*l**4 - 1/6*l**3 + 0 - 13*l**2. Let x be t(11). What is the highest common divisor of 20 and x?
10
Let v(w) = w**3 - 3*w**2 + 7*w. Let l be v(4). What is the greatest common factor of 16841 and l?
11
Let v = -15627 - -15633. What is the greatest common divisor of v and 8538?
6
Suppose 194 = 4*p - 530. Let u = p - 37. Let v be (-105)/(-1)*u/120. What is the greatest common factor of v and 18?
18
Let c(b) = b**3 + 7*b**2 + 75*b + 347. Let i be c(-5). What is the greatest common factor of i and 286?
22
Let u be (-5)/25 - 432/(-10). Suppose -42 - 87 = -3*h. What is the greatest common divisor of h and u?
43
Let s be 114/(-4)*(-8)/6. Let b = 173630 - 173628. What is the highest common divisor of s and b?
2
Let y(z) be the first derivative of z**2 - 29*z - 4. Let r be y(16). Suppose r*b - 9*b + 12 = 0. What is the greatest common factor of 1 and b?
1
Suppose 4*z + 3*b - 7 = 2*z, -2*z = -4*b. Suppose 0 = -o - 0 + z. Suppose o*j - 30 = -3*j. What is the greatest common factor of 6 and j?
6
Let w be 43/(1 + 3/(-4)). Suppose 203*t = 8820 - 91. Calculate the highest common factor of w and t.
43
Suppose -2*f = 2, 11*j - 13*j - 2*f + 7246 = 0. Calculate the highest common factor of 48 and j.
24
Let h(y) = 5*y - 37. Let d be h(8). Suppose d*t = 2*m + m + 63, m + 5 = 0. Calculate the greatest common factor of t and 24.
8
Suppose 5*b = -124 + 4. Let r be 6 - b/(-4) - -249. Calculate the greatest common factor of 332 and r.
83
Suppose -t - 650 + 642 = 0, 5*x - 376 = -3*t. What is the highest common factor of x and 12080?
80
Let b(i) = -2*i**2 + 48*i + 328. Let r be b(27). Calculate the highest common factor of 18 and r.
2
Let y = -114 - -275. Let k = -151 + y. Calculate the highest common divisor of k and 10.
10
Let x(w) = 11*w**3 + 6*w**2 - 10*w + 7. Let d be x(2). Calculate the greatest common factor of 2530 and d.
11
Let t = 188 - 179. Let h be 2/(2/t) + (-15 - -17). What is the highest common factor of h and 473?
11
Let r(w) = 8*w - 2. Let h be r(9). Let u be 11031/63 + (-8)/(-504)*-6. Calculate the greatest common factor of u and h.
35
Let a be 180/2520 - 165898/(-28). Calculate the greatest common divisor of a and 50.
25
Suppose 10*c = 7*c + 2640. Suppose -5*u + 13*u = c. What is the highest common divisor of u and 10?
10
Let h = -16866 - -26741. Calculate the greatest common factor of 250 and h.
125
Let f be (268/3)/((40/45)/4). Let n = f - 392. What is the highest common divisor of 410 and n?
10
Let w = 16 - -2. Suppose 10*u = -6430 + 6670. What is the highest common factor of w and u?
6
Let h be 626/6 - -1 - (-1388)/(-1041). What is the greatest common factor of h and 13?
13
Suppose 2*i - i - c = 17, 5*i - 91 = 2*c. Suppose -i = -2*p - 3. Let n(x) = -36*x. Let y be n(-2). What is the highest common divisor of y and p?
8
Let u(y) = -y**2 + 33*y - 221. Let p be u(23). Let s be (-15 + p)/30 + 138/15. Suppose -107 = 2*h - 305. What is the greatest common divisor of h and s?
9
Let i = -28 - -32. Suppose -3*y = -i*q - 39 - 80, 0 = 4*q - 5*y + 113. Let v be 42/((-4)/q*6). What is the highest common factor of 84 and v?
28
Let o(n) = n**3 + 3*n**2 - 58*n + 42. Let w be o(-9). Calculate the greatest common divisor of 30342 and w.
78
Suppose -1186*x + 1185*x = -n + 3115, -3124 = -n + 4*x. Calculate the greatest common factor of n and 8.
8
Suppose -1 = 5*m + 69. Let f be (-8)/(-24) - m/(-6). Let n be (0 + (-62 - 0))*1/f. Calculate the highest common divisor of n and 279.
31
Suppose -5*u + 7 = -13. Suppose -41 = -7*l + 5*l - z, -u*l - 5*z = -85. Calculate the highest common factor of l and 8.
4
Suppose 4*k = -2*k + 42. Suppose k*t = -133 + 287. Let g be 1/(-5) - 552/(-10). What is the highest common divisor of t and g?
11
Let s be (4/10)/(1/390). Suppose 4*k = 2*j + 40 + 8, 0 = -3*k + 4*j + 36. Calculate the highest common factor of s and k.
12
Suppose -4*q = -2*a + 69 - 9, -3*q = -15. Suppose -29*h + 19*h = -1350. Suppose h = j + 127. What is the greatest common divisor of a and j?
8
Let o be 76736/800 - 4/(-50). Let m be 2/4*(-1 + 13). What is the highest common divisor of o and m?
6
Let u(y) = -21 + 12*y + 5 + 7 + 11. Let d be u(4). Calculate the greatest common factor of 550 and d.
50
Let s = 386 - 371. Let l = -273 + 1008. Suppose -13*y = -20*y + l. Calculate the greatest common divisor of y an